Let h(s) be the first derivative of 2/3*s**3 - 2*s + 1/2*s**2 + 8. Give h(a).
4
Let w = 0 - 4. Let t(p) = -1. Let h(j) = -7*j - 42. Let z(g) = h(g) - 42*t(g). Let f(a) = -8*a - 1. Let s(y) = w*f(y) + 5*z(y). Determine s(3).
-5
Let l be 12/(-10)*-5 - 4. Let g(c) = -l + 8 - c**2 - 1 - 1 - 5*c. Let j(w) = -w**2 + 5*w. Let f be j(6). What is g(f)?
-2
Let b = 0 - -5. Let k(r) be the first derivative of -1/2*r**2 + 7*r + 3. Give k(b).
2
Suppose -z = -114 + 17. Let h = z + -61. Let g be h/(-44) - (-4)/(-22). Let k(p) = 4*p**3 - p**2 - p. What is k(g)?
-4
Let j(a) = 3*a + a**3 + 22*a**2 - 19*a**2 - a. Calculate j(-2).
0
Let d = 16 + -19. Let z be d/(-9) + 11/3. Let h(j) = j**3 - 6*j**2 + 6*j - 1. Calculate h(z).
-9
Let b(c) = -2*c. Let g be 4 - (2 - (-2 + 1)). Give b(g).
-2
Let y(t) = t + 4*t - 7*t - 2*t + 7. Give y(5).
-13
Let x(w) = -2*w**2 + 2*w - 3. Let p be (-55)/(-4) + (-3)/(-12). Suppose 5*o - 3 + 1 = 2*f, 0 = -o - 3*f + p. Calculate x(o).
-7
Suppose 2*g - 5*q = 20, 4*q + 0*q + 8 = 0. Let z(p) be the second derivative of -p**5/20 + 5*p**4/12 + 3*p**2 - p. Give z(g).
6
Let f(r) be the second derivative of -r**4/12 + r**3/2 - 3*r**2/2 - 2*r. Let m(p) = 2*p - 17. Let w be m(10). Calculate f(w).
-3
Let x(n) be the first derivative of -n**2/2 - 5*n - 3. Suppose -3*c - 15 - 14 = -5*y, 0 = 4*y - 2*c - 22. Suppose 2*q + y = -4. Give x(q).
-1
Let a(j) = -j**2 + 4*j + 2. Let r(q) = 7*q**2 + 7*q - 2. Let b(h) = -4*h**2 - 4*h + 1. Let v(f) = 5*b(f) + 3*r(f). Let i be v(2). Give a(i).
-3
Suppose 0 = -n - 3*n - 24. Let r(l) = l**2 + 7*l + 8. Determine r(n).
2
Let o(y) be the second derivative of 4*y**3/3 - 7*y**2/2 - y. Let n(a) = 2*a - 2. Let g = -20 + 18. Let u(v) = g*o(v) + 9*n(v). Give u(5).
6
Let q(i) be the first derivative of 2*i**2 - i - 1. Calculate q(2).
7
Let j(x) = -x**3 + 7*x**2 + x - 4. Let m(k) = k**2 + 10*k + 2. Let c be m(-10). Suppose -r + 8 = a, -a - 4*r + 13 = c. Calculate j(a).
3
Let v be (0 - (-4)/(-8))*0. Let m(k) be the first derivative of 1 - 1/2*k**2 + k + 5/4*k**4 + v*k**3. Give m(1).
5
Let w(o) be the third derivative of -3*o**2 - 1/60*o**5 - 1/8*o**4 + 0 + 1/3*o**3 + 0*o. Let h be (-26)/8 + 2/8. Calculate w(h).
2
Let o be (-2)/(-6)*(-3 - -6). Let p(z) = 7*z**2 - z. Calculate p(o).
6
Let s(m) be the first derivative of -m**2/2 + 5*m + 11. Give s(5).
0
Let z(c) = -3*c**2 + c. Let r(m) = -7*m + 3. Let b(n) = -20*n + 8. Let w(d) = 6*b(d) - 17*r(d). Let t be w(-4). Calculate z(t).
-2
Let r(x) = -x**2 + 2*x + 4. Let s(q) = q**2 - q - 4. Suppose 4*z + 8 = 5*z. Let j = -12 + z. Let g(a) = j*r(a) - 5*s(a). Determine g(-5).
-6
Suppose -2*m + 6 = -4. Let p(w) = -w**3 + 6*w**2 - 4*w - 4. Determine p(m).
1
Let l = -13 - -38. Suppose 10 = -q + 2*g, -5*g + l = -0*q - 4*q. Let y(m) = m**3 - m**2 + m - 4. Determine y(q).
-4
Let s(g) be the third derivative of 0 + 0*g + 2*g**2 - 1/2*g**3 + 1/12*g**4. Let t = -3 - -6. Give s(t).
3
Suppose -h - 1 = -0*h. Let b(w) = -w**2 - 1. Let k(c) = -6*c**2 + 4*c - 4. Let o(n) = h*k(n) + 5*b(n). Calculate o(4).
-1
Let c(q) be the first derivative of -q**2/2 + 2*q - 2. Calculate c(2).
0
Let f(u) = -u**3 - 6*u**2 + 6. Let g be f(-6). Let k(v) = -8*v + 15. Let q(s) = -4*s + 7. Let h(t) = g*k(t) - 13*q(t). What is h(2)?
7
Let k be ((-2)/3)/(3/(-18)). Let j(m) = -3 - m - k + 5. What is j(-3)?
1
Let a(f) = 0 + 2 + 14*f - 15*f + 1. Determine a(3).
0
Let w(t) = -11*t + 2. Let o(x) = 8*x + 7. Let y(k) = 4*k + 6 - 3 + 0. Let n(s) = -4*o(s) + 9*y(s). Let r(l) = -8*n(l) - 3*w(l). Calculate r(0).
2
Suppose 4*v = -3*i - 2 - 2, 0 = -2*i + v + 1. Let h(j) = 0 - 8*j + i. Let x(f) = f**3 - 10*f**2 - 11*f - 1. Let m be x(11). Determine h(m).
8
Let a(v) = -2*v**2 + 4*v - 1. Let j(c) be the second derivative of -c**4/12 + 2*c**3/3 + c**2/2 + 2*c. Let s be j(6). Let o = -8 - s. What is a(o)?
-7
Let j(r) = -2*r**2 + 3 + 6*r**2 - 2 - 3*r - 5*r**2. Calculate j(-4).
-3
Suppose 2*t - 7 = -3. Let y(m) = m**2 - 2*m - 1. What is y(t)?
-1
Let j(l) be the third derivative of -5*l**4/24 - l**3/3 - 10*l**2. What is j(-3)?
13
Let y(g) = 6*g + 2*g**2 + 4*g**2 + 2*g - g**3 - 7. Suppose -2*j = 4*d + d - 14, -5*j + 35 = 5*d. Give y(j).
0
Let q = -15 - -21. Let c(p) = 7*p + 1 - 5*p**2 - 10*p**3 + 3*p**3 + q*p**3. What is c(-6)?
-5
Let h(l) be the third derivative of 1/120*l**6 + 0*l - 5/6*l**3 - 1/12*l**4 + 0 - l**2 + 1/12*l**5. Suppose -3*u - 15 = -0*u. Give h(u).
5
Let k(v) = -6*v**2 + 15*v - v**3 + 3 + 3 - 32*v + 15*v. Determine k(-5).
-9
Let m(x) be the first derivative of 4*x**3/3 + x**2/2 + 14. Let v(w) = -2*w - 2*w + 3*w + 2. Let c be v(3). Give m(c).
3
Suppose 3*h + 15 = 6*h. Let n(r) = 2*r + 5*r**2 + r - 4*r**2 + h. What is n(-4)?
9
Let b(c) = -c**3 - 4*c**2 - 2*c - 1. Let t be (-1 - -2)*(5 + -4). Let k = -1 - t. What is b(k)?
-5
Suppose -2 = -z - 5. Let h(u) be the first derivative of -u**5/20 - u**4/4 - u**3/6 + 3*u**2/2 + 2*u + 2. Let j(l) be the first derivative of h(l). Give j(z).
6
Let p(l) = 2*l - 18. Let o be p(10). Let d(r) = -r**3 + 3*r**2 + 2*r - 1. What is d(o)?
7
Let o(c) = -3*c - 3. Let j = 2 + 8. Suppose -5 - j = -5*l. Let i be 1/((-1)/l*1). Calculate o(i).
6
Let g be -3 + 3 + -1 - 2. Let l be 10/8*12/g. Let n(o) be the second derivative of o**4/12 + 5*o**3/6 + 2*o**2 - 11*o. What is n(l)?
4
Let z(v) = -165*v + 80*v + 5 + 86*v - v**2. Let i(p) = 5*p - 1. Let n be i(1). Determine z(n).
-7
Let q = 7 - 5. Let o be (-122)/10 - q/(-10). Let j be (-13)/(-4) - 9/o. Let g(k) = k**2 - 5*k - 2. What is g(j)?
-6
Suppose 0 = -5*s + 9 + 1. Let b(w) = -w**2 - 2*w + 2. Calculate b(s).
-6
Let w(g) = g**3 + 4*g**2 + 4*g + 2. Let l(r) = r**3 + 2*r**2 + 4*r + 5. Let n be l(-2). What is w(n)?
-1
Let z(k) = k + 16 - 50 + 25. Give z(-7).
-16
Let t(h) be the first derivative of h**2/2 - 2*h + 17. Determine t(9).
7
Let r(k) = -5*k**2 - 11*k - 7. Let g(l) = -3*l**2 - 6*l - 4. Let f(u) = -7*g(u) + 4*r(u). Determine f(4).
8
Let g(d) be the first derivative of d**3/3 - 5*d**2/2 - 2*d + 2. Let w(f) be the first derivative of g(f). Determine w(4).
3
Let j be (-2)/(-2) + -2 - -1. Suppose 4*b + 4*h - 6 = 2, j = -4*b - 2*h. Let r(m) = -m**2 - m + 1. Give r(b).
-1
Suppose 5*v = 3 + 7. Let d(s) = 0 - 6 + v - s + 5*s. Calculate d(4).
12
Let d(n) = n**2 + 15*n - 37. Let q be d(-17). Let b(r) = 3*r + 2. Determine b(q).
-7
Suppose -2*q + 2 = -10. Let u(i) = -q + 3 + 1 - 5 + i. Determine u(6).
-1
Suppose 2*x - x = 0. Suppose 2*u + u + 3 = x. Let c(w) = 3. Let i(m) = -m**2 + 13. Let g(n) = 9*c(n) - 2*i(n). Give g(u).
3
Let a be -1*(-14)/(-2)*-1. Let k = a + -10. Let n(b) = b + 4. Determine n(k).
1
Let p(j) = -9*j - 1. Let x(m) = 35*m + 5. Let u(z) = -9*p(z) - 2*x(z). Calculate u(-1).
-12
Let x(v) = 3*v**3 - 8*v**2 + 4*v - 9. Let j(f) = 2*f**3 - 8*f**2 + 3*f - 8. Let w(p) = -4*j(p) + 3*x(p). Calculate w(-8).
5
Let q(h) = h - 1. Suppose -2*m - 25 = -9. Let i be (m/(-6))/(2/6). Determine q(i).
3
Let r(w) = -w**3 - 4*w**2 - 2*w - 1. Let t(c) = 2*c + 2. Let u be t(3). Let h be 0 + -3 - (-8 + u). What is r(h)?
-4
Let u(c) = -2*c**2 - 2*c - 1. Let t be (-15)/20 + 5/(-4). Let h = t - 0. Give u(h).
-5
Let a be (12/(-40))/((-12)/10). Let z(o) be the first derivative of -2 + 0*o**3 + a*o**4 + 0*o - 1/2*o**2. What is z(1)?
0
Let w(y) be the second derivative of -y**5/20 + y**4/12 + 5*y**3/6 - 3*y**2/2 - 15*y. What is w(3)?
-6
Suppose -24 = d - 2*d. Let x = 9 - d. Let q = x + 11. Let l(j) = 2*j - 1. Determine l(q).
-9
Let f(k) = -2*k**2 - 2*k - 1. Let x be (4/(24/(-9)))/((-3)/(-6)). Calculate f(x).
-13
Suppose -4*d = -5*i - 16, 2*d + 2*d + 2*i - 16 = 0. Let f = d - 1. Let c(l) = l**2 - 3*l + 2. Let g be c(f). Let a(q) = -2*q**2 + 4*q - 3. Give a(g).
-3
Suppose c + 26 = -w, 5*w - 47 = 5*c + 73. Let s = -18 - c. Suppose -3*m + s = 3*h + 1, 4*h = 5*m + 26. Let g(l) = -l**3 + 3*l**2 + 3*l - 4. Give g(h).
-8
Let n(m) be the first derivative of 1 + 3/2*m**2 - 6*m + 1/3*m**3. Give n(-5).
4
Let l(q) = q**2 - 4. Let c be l(-3). Let b(t) = c*t**3 - 6*t**3 + 5*t - 5*t**2 - t - 5. Let s be 7/21 - (-38)/(-6). What is b(s)?
7
Suppose -5*c + 5*r + 40 = -5, -3*r = -5*c + 41. Let j = 9 - c. Suppose b = -2 - j. Let a(t) = -t**3 - 6*t**2 - 6*t. What is a(b)?
-8
Let y(k) be the first derivative of -k**4/4 - 5*k**3/3 - k**2/2 + 5*k - 1. What is y(-5)?
10
Let a(c) = -c**2 - 4*c + 1. Suppose 34 = -